{"id":7430,"date":"2023-03-18T13:02:35","date_gmt":"2023-03-18T13:02:35","guid":{"rendered":"https:\/\/prokrastinacnipohotovost.com\/?page_id=7430"},"modified":"2023-03-18T14:27:07","modified_gmt":"2023-03-18T14:27:07","slug":"predstaveni","status":"publish","type":"page","link":"https:\/\/prokrastinacnipohotovost.com\/index.php\/predstaveni\/","title":{"rendered":"P\u0159edstaven\u00ed"},"content":{"rendered":"\t\t<div data-elementor-type=\"wp-page\" data-elementor-id=\"7430\" class=\"elementor elementor-7430\">\n\t\t\t\t\t\t<div class=\"elementor-inner\">\n\t\t\t\t<div class=\"elementor-section-wrap\">\n\t\t\t\t\t\t\t\t\t<section class=\"elementor-section elementor-top-section elementor-element elementor-element-5027f08 elementor-section-stretched elementor-section-boxed elementor-section-gap-beside-yes elementor-section-height-default elementor-section-height-default elementor-section-column-vertical-align-stretch\" data-id=\"5027f08\" data-element_type=\"section\" data-settings=\"{&quot;stretch_section&quot;:&quot;section-stretched&quot;,&quot;background_background&quot;:&quot;classic&quot;}\">\n\t\t\t\t\t\t<div class=\"elementor-container elementor-column-gap-extended\">\n\t\t\t\t\t\t\t<div class=\"elementor-row\">\n\t\t\t\t\t<div class=\"elementor-column elementor-col-100 elementor-top-column elementor-element elementor-element-d32de60 elementor-invisible\" data-id=\"d32de60\" data-element_type=\"column\" data-settings=\"{&quot;animation&quot;:&quot;maxcoachFadeInUp&quot;}\">\n\t\t\t<div class=\"elementor-column-wrap elementor-element-populated\">\n\t\t\t\t\t\t\t<div class=\"elementor-widget-wrap\">\n\t\t\t\t\t\t<div class=\"elementor-element elementor-element-91bd167 elementor-widget elementor-widget-tm-heading\" data-id=\"91bd167\" data-element_type=\"widget\" data-widget_type=\"tm-heading.default\">\n\t\t\t\t<div class=\"elementor-widget-container\">\n\t\t\t\t\t<div class=\"tm-modern-heading\">\n\t\t\t\n\t\t\t\t\t<div class=\"heading-primary-wrap\">\n\t\t\t<h2 class=\"heading-primary elementor-heading-title\">Sv\u011b\u0159te se do rukou lidem, kte\u0159\u00ed maj\u00ed s akademick\u00fdm psan\u00edm bohat\u00e9 zku\u0161enosti.<\/h2>\t\t<\/div>\n\t\t\n\t\t\t\n\t\t\t\t\t<\/div>\n\t\t\t\t<\/div>\n\t\t\t\t<\/div>\n\t\t\t\t\t\t<\/div>\n\t\t\t\t\t<\/div>\n\t\t<\/div>\n\t\t\t\t\t\t\t\t<\/div>\n\t\t\t\t\t<\/div>\n\t\t<\/section>\n\t\t\t\t<section class=\"elementor-section elementor-top-section elementor-element elementor-element-3ca4b0f elementor-section-boxed elementor-section-gap-beside-yes elementor-section-height-default elementor-section-height-default elementor-section-column-vertical-align-stretch\" data-id=\"3ca4b0f\" data-element_type=\"section\" data-settings=\"{&quot;background_background&quot;:&quot;gradient&quot;,&quot;shape_divider_bottom&quot;:&quot;mountains&quot;}\">\n\t\t\t\t\t<div class=\"elementor-shape elementor-shape-bottom\" data-negative=\"false\">\n\t\t\t<svg xmlns=\"http:\/\/www.w3.org\/2000\/svg\" viewBox=\"0 0 1000 100\" preserveAspectRatio=\"none\">\n\t<path class=\"elementor-shape-fill\" opacity=\"0.33\" d=\"M473,67.3c-203.9,88.3-263.1-34-320.3,0C66,119.1,0,59.7,0,59.7V0h1000v59.7 c0,0-62.1,26.1-94.9,29.3c-32.8,3.3-62.8-12.3-75.8-22.1C806,49.6,745.3,8.7,694.9,4.7S492.4,59,473,67.3z\"\/>\n\t<path class=\"elementor-shape-fill\" opacity=\"0.66\" d=\"M734,67.3c-45.5,0-77.2-23.2-129.1-39.1c-28.6-8.7-150.3-10.1-254,39.1 s-91.7-34.4-149.2,0C115.7,118.3,0,39.8,0,39.8V0h1000v36.5c0,0-28.2-18.5-92.1-18.5C810.2,18.1,775.7,67.3,734,67.3z\"\/>\n\t<path class=\"elementor-shape-fill\" d=\"M766.1,28.9c-200-57.5-266,65.5-395.1,19.5C242,1.8,242,5.4,184.8,20.6C128,35.8,132.3,44.9,89.9,52.5C28.6,63.7,0,0,0,0 h1000c0,0-9.9,40.9-83.6,48.1S829.6,47,766.1,28.9z\"\/>\n<\/svg>\t\t<\/div>\n\t\t\t\t\t<div class=\"elementor-container elementor-column-gap-wide\">\n\t\t\t\t\t\t\t<div class=\"elementor-row\">\n\t\t\t\t\t<div class=\"elementor-column elementor-col-100 elementor-top-column elementor-element elementor-element-76ca161\" data-id=\"76ca161\" data-element_type=\"column\">\n\t\t\t<div class=\"elementor-column-wrap elementor-element-populated\">\n\t\t\t\t\t\t\t<div class=\"elementor-widget-wrap\">\n\t\t\t\t\t\t<div class=\"elementor-element elementor-element-8e5699c elementor-widget elementor-widget-spacer\" data-id=\"8e5699c\" data-element_type=\"widget\" data-widget_type=\"spacer.default\">\n\t\t\t\t<div class=\"elementor-widget-container\">\n\t\t\t<style>\/*! elementor - v3.16.0 - 17-10-2023 *\/\n.elementor-column .elementor-spacer-inner{height:var(--spacer-size)}.e-con{--container-widget-width:100%}.e-con-inner>.elementor-widget-spacer,.e-con>.elementor-widget-spacer{width:var(--container-widget-width,var(--spacer-size));--align-self:var(--container-widget-align-self,initial);--flex-shrink:0}.e-con-inner>.elementor-widget-spacer>.elementor-widget-container,.e-con>.elementor-widget-spacer>.elementor-widget-container{height:100%;width:100%}.e-con-inner>.elementor-widget-spacer>.elementor-widget-container>.elementor-spacer,.e-con>.elementor-widget-spacer>.elementor-widget-container>.elementor-spacer{height:100%}.e-con-inner>.elementor-widget-spacer>.elementor-widget-container>.elementor-spacer>.elementor-spacer-inner,.e-con>.elementor-widget-spacer>.elementor-widget-container>.elementor-spacer>.elementor-spacer-inner{height:var(--container-widget-height,var(--spacer-size))}.e-con-inner>.elementor-widget-spacer.elementor-widget-empty,.e-con>.elementor-widget-spacer.elementor-widget-empty{position:relative;min-height:22px;min-width:22px}.e-con-inner>.elementor-widget-spacer.elementor-widget-empty .elementor-widget-empty-icon,.e-con>.elementor-widget-spacer.elementor-widget-empty .elementor-widget-empty-icon{position:absolute;top:0;bottom:0;left:0;right:0;margin:auto;padding:0;width:22px;height:22px}<\/style>\t\t<div class=\"elementor-spacer\">\n\t\t\t<div class=\"elementor-spacer-inner\"><\/div>\n\t\t<\/div>\n\t\t\t\t<\/div>\n\t\t\t\t<\/div>\n\t\t\t\t<div class=\"elementor-element elementor-element-9f67e88 elementor-invisible elementor-widget elementor-widget-tm-heading\" data-id=\"9f67e88\" data-element_type=\"widget\" data-settings=\"{&quot;_animation&quot;:&quot;maxcoachFadeInUp&quot;}\" data-widget_type=\"tm-heading.default\">\n\t\t\t\t<div class=\"elementor-widget-container\">\n\t\t\t\t\t<div class=\"tm-modern-heading\">\n\t\t\t\n\t\t\t\t\t<div class=\"heading-primary-wrap\">\n\t\t\t<p class=\"heading-primary elementor-heading-title\"><br><H2 align=\"center\">Mgr. Milan Soutor, Ph.D.<\/p>\t\t<\/div>\n\t\t\n\t\t\t\n\t\t\t\t\t<div class=\"heading-description-wrap\">\n\t\t\t<div class=\"heading-description\">\n\t\t\t\t<p align=\"center\"><span style=\"font-weight: 400\">Vystudoval obor filosofie na \u00daFAR FF UK. Na v\u00fdzkumn\u00fdch st\u00e1\u017e\u00edch studoval na zahrani\u010d\u00edch univerzit\u00e1ch (University of Glasgow, University of Iowa), alumnus Fulbrightova stipendia. M\u00e1 zku\u0161enosti s vyu\u010dov\u00e1n\u00edm na univerzit\u011b, p\u0159ekl\u00e1d\u00e1n\u00edm a korekturou odborn\u00fdch text\u016f a publikov\u00e1n\u00edm vlastn\u00edch p\u0159\u00edsp\u011bvk\u016f v odborn\u00fdch periodic\u00edch. V oboru filosofie se zam\u011b\u0159uje na analytickou filosofii jazyka, fenomenologii a etiku. Vyu\u010duje metodologii kvalitativn\u00edho v\u00fdzkumu se specializac\u00ed na reflexivn\u00ed tematickou anal\u00fdzu, kter\u00e1 pat\u0159\u00ed k nejvhodn\u011bj\u0161\u00edm form\u00e1m kvalitativn\u00ed anal\u00fdzy pro studenty bakal\u00e1\u0159sk\u00e9ho a magistersk\u00e9ho studia. Ve voln\u00e9m \u010dase se v\u011bnuje fotografii.<\/span><\/p>\t\t\t<\/div>\n\t\t<\/div>\n\t\t\t<\/div>\n\t\t\t\t<\/div>\n\t\t\t\t<\/div>\n\t\t\t\t<div class=\"elementor-element elementor-element-05a7b1d elementor-widget elementor-widget-spacer\" data-id=\"05a7b1d\" data-element_type=\"widget\" data-widget_type=\"spacer.default\">\n\t\t\t\t<div class=\"elementor-widget-container\">\n\t\t\t\t\t<div class=\"elementor-spacer\">\n\t\t\t<div class=\"elementor-spacer-inner\"><\/div>\n\t\t<\/div>\n\t\t\t\t<\/div>\n\t\t\t\t<\/div>\n\t\t\t\t\t\t<\/div>\n\t\t\t\t\t<\/div>\n\t\t<\/div>\n\t\t\t\t\t\t\t\t<\/div>\n\t\t\t\t\t<\/div>\n\t\t<\/section>\n\t\t\t\t<section class=\"elementor-section elementor-top-section elementor-element elementor-element-366f8db elementor-section-boxed elementor-section-gap-beside-yes elementor-section-height-default elementor-section-height-default elementor-section-column-vertical-align-stretch\" data-id=\"366f8db\" data-element_type=\"section\" data-settings=\"{&quot;background_background&quot;:&quot;gradient&quot;}\">\n\t\t\t\t\t\t<div class=\"elementor-container elementor-column-gap-extended\">\n\t\t\t\t\t\t\t<div class=\"elementor-row\">\n\t\t\t\t\t<div class=\"elementor-column elementor-col-100 elementor-top-column elementor-element elementor-element-77767fe\" data-id=\"77767fe\" data-element_type=\"column\">\n\t\t\t<div class=\"elementor-column-wrap elementor-element-populated\">\n\t\t\t\t\t\t\t<div class=\"elementor-widget-wrap\">\n\t\t\t\t\t\t<div class=\"elementor-element elementor-element-3bef963 elementor-invisible elementor-widget elementor-widget-tm-heading\" data-id=\"3bef963\" data-element_type=\"widget\" data-settings=\"{&quot;_animation&quot;:&quot;maxcoachFadeInUp&quot;}\" data-widget_type=\"tm-heading.default\">\n\t\t\t\t<div class=\"elementor-widget-container\">\n\t\t\t\t\t<div class=\"tm-modern-heading\">\n\t\t\t\n\t\t\t\t\t<div class=\"heading-primary-wrap\">\n\t\t\t<p class=\"heading-primary elementor-heading-title\"><br><H2 align=\"center\">Bc. Michal \u0160est\u00e1k, MA.<\/p>\t\t<\/div>\n\t\t\n\t\t\t\n\t\t\t\t\t<div class=\"heading-description-wrap\">\n\t\t\t<div class=\"heading-description\">\n\t\t\t\t<p align=\"center\"><span style=\"font-weight: 400\">Vystudoval filosofii na \u00daFAR FF UK v Praze (Bc.) a divadeln\u00ed re\u017eii a dramaturgii na Royal Academy of Dramatic Art v Lond\u00fdn\u011b (MA.). V Lond\u00fdn\u011b ji\u017e d\u0159\u00edve p\u016fsobil na zahrani\u010dn\u00ed st\u00e1\u017ei na Heythrop College, University of London, kde studoval filosofii. V sou\u010dasnosti je doktorandem oboru filosofie na FF UPCE. M\u00e1 zku\u0161enosti s univerzitn\u00ed v\u00fdukou, u\u010d\u00ed r\u00e9toriku. Vedle sv\u00fdch akademick\u00fdch z\u00e1jm\u016f se tak\u00e9 aktivn\u011b v\u011bnuje divadeln\u00ed tvorb\u011b, v\u011bt\u0161inou jako re\u017eis\u00e9r nebo dramaturg. Na univerzit\u011b se zam\u011b\u0159uje hlavn\u011b na antickou filosofii, filosofii um\u011bn\u00ed a \u010d\u00e1ste\u010dn\u011b i etiku a politickou filosofii. <\/span><\/p>\t\t\t<\/div>\n\t\t<\/div>\n\t\t\t<\/div>\n\t\t\t\t<\/div>\n\t\t\t\t<\/div>\n\t\t\t\t<div class=\"elementor-element elementor-element-82457e3 elementor-widget elementor-widget-spacer\" data-id=\"82457e3\" data-element_type=\"widget\" data-widget_type=\"spacer.default\">\n\t\t\t\t<div class=\"elementor-widget-container\">\n\t\t\t\t\t<div class=\"elementor-spacer\">\n\t\t\t<div class=\"elementor-spacer-inner\"><\/div>\n\t\t<\/div>\n\t\t\t\t<\/div>\n\t\t\t\t<\/div>\n\t\t\t\t\t\t<\/div>\n\t\t\t\t\t<\/div>\n\t\t<\/div>\n\t\t\t\t\t\t\t\t<\/div>\n\t\t\t\t\t<\/div>\n\t\t<\/section>\n\t\t\t\t\t\t\t\t\t<\/div>\n\t\t\t<\/div>\n\t\t\t\t\t<\/div>\n\t\t","protected":false},"excerpt":{"rendered":"<p>Sv\u011b\u0159te se do rukou lidem, kte\u0159\u00ed maj\u00ed s akademick\u00fdm psan\u00edm bohat\u00e9 zku\u0161enosti. Mgr. Milan Soutor, Ph.D. Vystudoval obor filosofie na \u00daFAR FF UK. Na v\u00fdzkumn\u00fdch st\u00e1\u017e\u00edch studoval na zahrani\u010d\u00edch univerzit\u00e1ch (University of Glasgow, University of Iowa), alumnus Fulbrightova stipendia. M\u00e1 zku\u0161enosti s vyu\u010dov\u00e1n\u00edm na univerzit\u011b, p\u0159ekl\u00e1d\u00e1n\u00edm a korekturou odborn\u00fdch text\u016f a publikov\u00e1n\u00edm vlastn\u00edch p\u0159\u00edsp\u011bvk\u016f v odborn\u00fdch periodic\u00edch. V oboru filosofie se zam\u011b\u0159uje na analytickou filosofii jazyka, fenomenologii a etiku. Vyu\u010duje metodologii kvalitativn\u00edho v\u00fdzkumu se specializac\u00ed na reflexivn\u00ed tematickou anal\u00fdzu, kter\u00e1 pat\u0159\u00ed k nejvhodn\u011bj\u0161\u00edm form\u00e1m kvalitativn\u00ed anal\u00fdzy pro studenty bakal\u00e1\u0159sk\u00e9ho a magistersk\u00e9ho studia. Ve voln\u00e9m \u010dase se v\u011bnuje fotografii. Bc. Michal \u0160est\u00e1k, MA. Vystudoval filosofii na \u00daFAR FF UK v Praze (Bc.) a divadeln\u00ed re\u017eii a dramaturgii na Royal Academy of Dramatic Art v Lond\u00fdn\u011b (MA.). V Lond\u00fdn\u011b ji\u017e d\u0159\u00edve p\u016fsobil na zahrani\u010dn\u00ed st\u00e1\u017ei na Heythrop College, University of London, kde studoval filosofii. V sou\u010dasnosti je doktorandem oboru filosofie na FF UPCE. M\u00e1 zku\u0161enosti s univerzitn\u00ed v\u00fdukou, u\u010d\u00ed r\u00e9toriku. Vedle sv\u00fdch akademick\u00fdch z\u00e1jm\u016f se tak\u00e9 aktivn\u011b v\u011bnuje divadeln\u00ed tvorb\u011b, v\u011bt\u0161inou jako re\u017eis\u00e9r nebo dramaturg. Na univerzit\u011b se zam\u011b\u0159uje hlavn\u011b na antickou filosofii, filosofii um\u011bn\u00ed a \u010d\u00e1ste\u010dn\u011b i etiku a politickou filosofii.<\/p>\n","protected":false},"author":1,"featured_media":0,"parent":0,"menu_order":0,"comment_status":"closed","ping_status":"closed","template":"","meta":{"om_disable_all_campaigns":false,"pmpro_default_level":"","_monsterinsights_skip_tracking":false,"_monsterinsights_sitenote_active":false,"_monsterinsights_sitenote_note":"","_monsterinsights_sitenote_category":0,"footnotes":""},"yoast_head":"<!-- This site is optimized with the Yoast SEO plugin v20.8 - https:\/\/yoast.com\/wordpress\/plugins\/seo\/ -->\n<title>P\u0159edstaven\u00ed - prokrastinacnipohotovost<\/title>\n<meta name=\"robots\" content=\"index, follow, max-snippet:-1, max-image-preview:large, max-video-preview:-1\" \/>\n<link rel=\"canonical\" href=\"https:\/\/prokrastinacnipohotovost.com\/index.php\/predstaveni\/\" \/>\n<meta property=\"og:locale\" content=\"en_US\" \/>\n<meta property=\"og:type\" content=\"article\" \/>\n<meta property=\"og:title\" content=\"P\u0159edstaven\u00ed - prokrastinacnipohotovost\" \/>\n<meta property=\"og:description\" content=\"Sv\u011b\u0159te se do rukou lidem, kte\u0159\u00ed maj\u00ed s akademick\u00fdm psan\u00edm bohat\u00e9 zku\u0161enosti. Mgr. Milan Soutor, Ph.D. Vystudoval obor filosofie na \u00daFAR FF UK. Na v\u00fdzkumn\u00fdch st\u00e1\u017e\u00edch studoval na zahrani\u010d\u00edch univerzit\u00e1ch (University of Glasgow, University of Iowa), alumnus Fulbrightova stipendia. M\u00e1 zku\u0161enosti s vyu\u010dov\u00e1n\u00edm na univerzit\u011b, p\u0159ekl\u00e1d\u00e1n\u00edm a korekturou odborn\u00fdch text\u016f a publikov\u00e1n\u00edm vlastn\u00edch p\u0159\u00edsp\u011bvk\u016f v odborn\u00fdch periodic\u00edch. V oboru filosofie se zam\u011b\u0159uje na analytickou filosofii jazyka, fenomenologii a etiku. Vyu\u010duje metodologii kvalitativn\u00edho v\u00fdzkumu se specializac\u00ed na reflexivn\u00ed tematickou anal\u00fdzu, kter\u00e1 pat\u0159\u00ed k nejvhodn\u011bj\u0161\u00edm form\u00e1m kvalitativn\u00ed anal\u00fdzy pro studenty bakal\u00e1\u0159sk\u00e9ho a magistersk\u00e9ho studia. Ve voln\u00e9m \u010dase se v\u011bnuje fotografii. Bc. Michal \u0160est\u00e1k, MA. Vystudoval filosofii na \u00daFAR FF UK v Praze (Bc.) a divadeln\u00ed re\u017eii a dramaturgii na Royal Academy of Dramatic Art v Lond\u00fdn\u011b (MA.). V Lond\u00fdn\u011b ji\u017e d\u0159\u00edve p\u016fsobil na zahrani\u010dn\u00ed st\u00e1\u017ei na Heythrop College, University of London, kde studoval filosofii. V sou\u010dasnosti je doktorandem oboru filosofie na FF UPCE. M\u00e1 zku\u0161enosti s univerzitn\u00ed v\u00fdukou, u\u010d\u00ed r\u00e9toriku. Vedle sv\u00fdch akademick\u00fdch z\u00e1jm\u016f se tak\u00e9 aktivn\u011b v\u011bnuje divadeln\u00ed tvorb\u011b, v\u011bt\u0161inou jako re\u017eis\u00e9r nebo dramaturg. Na univerzit\u011b se zam\u011b\u0159uje hlavn\u011b na antickou filosofii, filosofii um\u011bn\u00ed a \u010d\u00e1ste\u010dn\u011b i etiku a politickou filosofii.\" \/>\n<meta property=\"og:url\" content=\"https:\/\/prokrastinacnipohotovost.com\/index.php\/predstaveni\/\" \/>\n<meta property=\"og:site_name\" content=\"prokrastinacnipohotovost\" \/>\n<meta property=\"article:modified_time\" content=\"2023-03-18T14:27:07+00:00\" \/>\n<meta name=\"twitter:card\" content=\"summary_large_image\" \/>\n<meta name=\"twitter:label1\" content=\"Est. reading time\" \/>\n\t<meta name=\"twitter:data1\" content=\"1 minute\" \/>\n<script type=\"application\/ld+json\" class=\"yoast-schema-graph\">{\"@context\":\"https:\/\/schema.org\",\"@graph\":[{\"@type\":\"WebPage\",\"@id\":\"https:\/\/prokrastinacnipohotovost.com\/index.php\/predstaveni\/\",\"url\":\"https:\/\/prokrastinacnipohotovost.com\/index.php\/predstaveni\/\",\"name\":\"P\u0159edstaven\u00ed - prokrastinacnipohotovost\",\"isPartOf\":{\"@id\":\"https:\/\/prokrastinacnipohotovost.com\/#website\"},\"datePublished\":\"2023-03-18T13:02:35+00:00\",\"dateModified\":\"2023-03-18T14:27:07+00:00\",\"breadcrumb\":{\"@id\":\"https:\/\/prokrastinacnipohotovost.com\/index.php\/predstaveni\/#breadcrumb\"},\"inLanguage\":\"en-US\",\"potentialAction\":[{\"@type\":\"ReadAction\",\"target\":[\"https:\/\/prokrastinacnipohotovost.com\/index.php\/predstaveni\/\"]}]},{\"@type\":\"BreadcrumbList\",\"@id\":\"https:\/\/prokrastinacnipohotovost.com\/index.php\/predstaveni\/#breadcrumb\",\"itemListElement\":[{\"@type\":\"ListItem\",\"position\":1,\"name\":\"Home\",\"item\":\"https:\/\/prokrastinacnipohotovost.com\/\"},{\"@type\":\"ListItem\",\"position\":2,\"name\":\"P\u0159edstaven\u00ed\"}]},{\"@type\":\"WebSite\",\"@id\":\"https:\/\/prokrastinacnipohotovost.com\/#website\",\"url\":\"https:\/\/prokrastinacnipohotovost.com\/\",\"name\":\"prokrastinacnipohotovost\",\"description\":\"pomoc s psan\u00edm akademick\u00fdch prac\u00ed\",\"publisher\":{\"@id\":\"https:\/\/prokrastinacnipohotovost.com\/#organization\"},\"potentialAction\":[{\"@type\":\"SearchAction\",\"target\":{\"@type\":\"EntryPoint\",\"urlTemplate\":\"https:\/\/prokrastinacnipohotovost.com\/?s={search_term_string}\"},\"query-input\":\"required name=search_term_string\"}],\"inLanguage\":\"en-US\"},{\"@type\":\"Organization\",\"@id\":\"https:\/\/prokrastinacnipohotovost.com\/#organization\",\"name\":\"Prokrastina\u010dn\u00ed Pohotovost\",\"url\":\"https:\/\/prokrastinacnipohotovost.com\/\",\"logo\":{\"@type\":\"ImageObject\",\"inLanguage\":\"en-US\",\"@id\":\"https:\/\/prokrastinacnipohotovost.com\/#\/schema\/logo\/image\/\",\"url\":\"http:\/\/prokrastinacnipohotovost.com\/wp-content\/uploads\/2021\/12\/PP_logo.png\",\"contentUrl\":\"http:\/\/prokrastinacnipohotovost.com\/wp-content\/uploads\/2021\/12\/PP_logo.png\",\"width\":3189,\"height\":3189,\"caption\":\"Prokrastina\u010dn\u00ed Pohotovost\"},\"image\":{\"@id\":\"https:\/\/prokrastinacnipohotovost.com\/#\/schema\/logo\/image\/\"}}]}<\/script>\n<!-- \/ Yoast SEO plugin. -->","yoast_head_json":{"title":"P\u0159edstaven\u00ed - prokrastinacnipohotovost","robots":{"index":"index","follow":"follow","max-snippet":"max-snippet:-1","max-image-preview":"max-image-preview:large","max-video-preview":"max-video-preview:-1"},"canonical":"https:\/\/prokrastinacnipohotovost.com\/index.php\/predstaveni\/","og_locale":"en_US","og_type":"article","og_title":"P\u0159edstaven\u00ed - prokrastinacnipohotovost","og_description":"Sv\u011b\u0159te se do rukou lidem, kte\u0159\u00ed maj\u00ed s akademick\u00fdm psan\u00edm bohat\u00e9 zku\u0161enosti. Mgr. Milan Soutor, Ph.D. Vystudoval obor filosofie na \u00daFAR FF UK. Na v\u00fdzkumn\u00fdch st\u00e1\u017e\u00edch studoval na zahrani\u010d\u00edch univerzit\u00e1ch (University of Glasgow, University of Iowa), alumnus Fulbrightova stipendia. M\u00e1 zku\u0161enosti s vyu\u010dov\u00e1n\u00edm na univerzit\u011b, p\u0159ekl\u00e1d\u00e1n\u00edm a korekturou odborn\u00fdch text\u016f a publikov\u00e1n\u00edm vlastn\u00edch p\u0159\u00edsp\u011bvk\u016f v odborn\u00fdch periodic\u00edch. V oboru filosofie se zam\u011b\u0159uje na analytickou filosofii jazyka, fenomenologii a etiku. Vyu\u010duje metodologii kvalitativn\u00edho v\u00fdzkumu se specializac\u00ed na reflexivn\u00ed tematickou anal\u00fdzu, kter\u00e1 pat\u0159\u00ed k nejvhodn\u011bj\u0161\u00edm form\u00e1m kvalitativn\u00ed anal\u00fdzy pro studenty bakal\u00e1\u0159sk\u00e9ho a magistersk\u00e9ho studia. Ve voln\u00e9m \u010dase se v\u011bnuje fotografii. Bc. Michal \u0160est\u00e1k, MA. Vystudoval filosofii na \u00daFAR FF UK v Praze (Bc.) a divadeln\u00ed re\u017eii a dramaturgii na Royal Academy of Dramatic Art v Lond\u00fdn\u011b (MA.). V Lond\u00fdn\u011b ji\u017e d\u0159\u00edve p\u016fsobil na zahrani\u010dn\u00ed st\u00e1\u017ei na Heythrop College, University of London, kde studoval filosofii. V sou\u010dasnosti je doktorandem oboru filosofie na FF UPCE. M\u00e1 zku\u0161enosti s univerzitn\u00ed v\u00fdukou, u\u010d\u00ed r\u00e9toriku. Vedle sv\u00fdch akademick\u00fdch z\u00e1jm\u016f se tak\u00e9 aktivn\u011b v\u011bnuje divadeln\u00ed tvorb\u011b, v\u011bt\u0161inou jako re\u017eis\u00e9r nebo dramaturg. Na univerzit\u011b se zam\u011b\u0159uje hlavn\u011b na antickou filosofii, filosofii um\u011bn\u00ed a \u010d\u00e1ste\u010dn\u011b i etiku a politickou filosofii.","og_url":"https:\/\/prokrastinacnipohotovost.com\/index.php\/predstaveni\/","og_site_name":"prokrastinacnipohotovost","article_modified_time":"2023-03-18T14:27:07+00:00","twitter_card":"summary_large_image","twitter_misc":{"Est. reading time":"1 minute"},"schema":{"@context":"https:\/\/schema.org","@graph":[{"@type":"WebPage","@id":"https:\/\/prokrastinacnipohotovost.com\/index.php\/predstaveni\/","url":"https:\/\/prokrastinacnipohotovost.com\/index.php\/predstaveni\/","name":"P\u0159edstaven\u00ed - prokrastinacnipohotovost","isPartOf":{"@id":"https:\/\/prokrastinacnipohotovost.com\/#website"},"datePublished":"2023-03-18T13:02:35+00:00","dateModified":"2023-03-18T14:27:07+00:00","breadcrumb":{"@id":"https:\/\/prokrastinacnipohotovost.com\/index.php\/predstaveni\/#breadcrumb"},"inLanguage":"en-US","potentialAction":[{"@type":"ReadAction","target":["https:\/\/prokrastinacnipohotovost.com\/index.php\/predstaveni\/"]}]},{"@type":"BreadcrumbList","@id":"https:\/\/prokrastinacnipohotovost.com\/index.php\/predstaveni\/#breadcrumb","itemListElement":[{"@type":"ListItem","position":1,"name":"Home","item":"https:\/\/prokrastinacnipohotovost.com\/"},{"@type":"ListItem","position":2,"name":"P\u0159edstaven\u00ed"}]},{"@type":"WebSite","@id":"https:\/\/prokrastinacnipohotovost.com\/#website","url":"https:\/\/prokrastinacnipohotovost.com\/","name":"prokrastinacnipohotovost","description":"pomoc s psan\u00edm akademick\u00fdch prac\u00ed","publisher":{"@id":"https:\/\/prokrastinacnipohotovost.com\/#organization"},"potentialAction":[{"@type":"SearchAction","target":{"@type":"EntryPoint","urlTemplate":"https:\/\/prokrastinacnipohotovost.com\/?s={search_term_string}"},"query-input":"required name=search_term_string"}],"inLanguage":"en-US"},{"@type":"Organization","@id":"https:\/\/prokrastinacnipohotovost.com\/#organization","name":"Prokrastina\u010dn\u00ed Pohotovost","url":"https:\/\/prokrastinacnipohotovost.com\/","logo":{"@type":"ImageObject","inLanguage":"en-US","@id":"https:\/\/prokrastinacnipohotovost.com\/#\/schema\/logo\/image\/","url":"http:\/\/prokrastinacnipohotovost.com\/wp-content\/uploads\/2021\/12\/PP_logo.png","contentUrl":"http:\/\/prokrastinacnipohotovost.com\/wp-content\/uploads\/2021\/12\/PP_logo.png","width":3189,"height":3189,"caption":"Prokrastina\u010dn\u00ed Pohotovost"},"image":{"@id":"https:\/\/prokrastinacnipohotovost.com\/#\/schema\/logo\/image\/"}}]}},"_links":{"self":[{"href":"https:\/\/prokrastinacnipohotovost.com\/index.php\/wp-json\/wp\/v2\/pages\/7430"}],"collection":[{"href":"https:\/\/prokrastinacnipohotovost.com\/index.php\/wp-json\/wp\/v2\/pages"}],"about":[{"href":"https:\/\/prokrastinacnipohotovost.com\/index.php\/wp-json\/wp\/v2\/types\/page"}],"author":[{"embeddable":true,"href":"https:\/\/prokrastinacnipohotovost.com\/index.php\/wp-json\/wp\/v2\/users\/1"}],"replies":[{"embeddable":true,"href":"https:\/\/prokrastinacnipohotovost.com\/index.php\/wp-json\/wp\/v2\/comments?post=7430"}],"version-history":[{"count":30,"href":"https:\/\/prokrastinacnipohotovost.com\/index.php\/wp-json\/wp\/v2\/pages\/7430\/revisions"}],"predecessor-version":[{"id":7476,"href":"https:\/\/prokrastinacnipohotovost.com\/index.php\/wp-json\/wp\/v2\/pages\/7430\/revisions\/7476"}],"wp:attachment":[{"href":"https:\/\/prokrastinacnipohotovost.com\/index.php\/wp-json\/wp\/v2\/media?parent=7430"}],"curies":[{"name":"wp","href":"https:\/\/api.w.org\/{rel}","templated":true}]}}